 2187 is divided by 275?
262
What is the remainder when 691 is divided by 329?
33
Calculate the remainder when 334 is divided by 21.
19
Calculate the remainder when 73 is divided by 5.
3
Calculate the remainder when 312 is divided by 106.
100
Calculate the remainder when 355 is divided by 354.
1
Calculate the remainder when 1301 is divided by 31.
30
What is the remainder when 33 is divided by 17?
16
What is the remainder when 3249 is divided by 130?
129
What is the remainder when 3034 is divided by 1515?
4
Calculate the remainder when 223 is divided by 45.
43
Calculate the remainder when 4 is divided by 3.
1
What is the remainder when 8801 is divided by 71?
68
What is the remainder when 26 is divided by 6?
2
What is the remainder when 417 is divided by 312?
105
Calculate the remainder when 242 is divided by 118.
6
Calculate the remainder when 159 is divided by 15.
9
Calculate the remainder when 294 is divided by 11.
8
What is the remainder when 903 is divided by 4?
3
What is the remainder when 162 is divided by 38?
10
What is the remainder when 2726 is divided by 44?
42
What is the remainder when 178 is divided by 93?
85
Calculate the remainder when 379 is divided by 252.
127
Calculate the remainder when 1316 is divided by 95.
81
What is the remainder when 177 is divided by 95?
82
What is the remainder when 290 is divided by 82?
44
What is the remainder when 537 is divided by 11?
9
Calculate the remainder when 91 is divided by 81.
10
Calculate the remainder when 1870 is divided by 39.
37
Calculate the remainder when 53 is divided by 29.
24
Calculate the remainder when 528 is divided by 278.
250
Calculate the remainder when 1595 is divided by 28.
27
What is the remainder when 231 is divided by 136?
95
Calculate the remainder when 187 is divided by 5.
2
Calculate the remainder when 622 is divided by 217.
188
Calculate the remainder when 1974 is divided by 983.
8
Calculate the remainder when 1256 is divided by 277.
148
What is the remainder when 1418 is divided by 71?
69
Calculate the remainder when 1634 is divided by 28.
10
What is the remainder when 270 is divided by 84?
18
Calculate the remainder when 887 is divided by 3.
2
Calculate the remainder when 299 is divided by 156.
143
Calculate the remainder when 9 is divided by 1.
0
Calculate the remainder when 947 is divided by 18.
11
Calculate the remainder when 591 is divided by 23.
16
What is the remainder when 297 is divided by 23?
21
What is the remainder when 152 is divided by 5?
2
Calculate the remainder when 138 is divided by 35.
33
What is the remainder when 332 is divided by 44?
24
Calculate the remainder when 100 is divided by 22.
12
Calculate the remainder when 35 is divided by 8.
3
Calculate the remainder when 112 is divided by 18.
4
Calculate the remainder when 614 is divided by 52.
42
Calculate the remainder when 1615 is divided by 507.
94
Calculate the remainder when 367 is divided by 128.
111
Calculate the remainder when 127 is divided by 45.
37
Calculate the remainder when 3262 is divided by 48.
46
What is the remainder when 110 is divided by 80?
30
Calculate the remainder when 405 is divided by 29.
28
What is the remainder when 1149 is divided by 32?
29
What is the remainder when 77 is divided by 31?
15
What is the remainder when 187 is divided by 93?
1
What is the remainder when 4798 is divided by 25?
23
Calculate the remainder when 372 is divided by 34.
32
What is the remainder when 253 is divided by 72?
37
Calculate the remainder when 652 is divided by 308.
36
Calculate the remainder when 239 is divided by 27.
23
What is the remainder when 451 is divided by 102?
43
Calculate the remainder when 3751 is divided by 28.
27
Calculate the remainder when 912 is divided by 902.
10
Calculate the remainder when 218 is divided by 70.
8
What is the remainder when 787 is divided by 33?
28
Calculate the remainder when 132 is divided by 5.
2
Calculate the remainder when 1842 is divided by 13.
9
Calculate the remainder when 1363 is divided by 672.
19
What is the remainder when 139 is divided by 78?
61
Calculate the remainder when 4117 is divided by 684.
13
Calculate the remainder when 237 is divided by 122.
115
Calculate the remainder when 342 is divided by 83.
10
Calculate the remainder when 4359 is divided by 27.
12
Calculate the remainder when 4126 is divided by 20.
6
What is the remainder when 1498 is divided by 743?
12
What is the remainder when 6382 is divided by 65?
12
Calculate the remainder when 669 is divided by 189.
102
Calculate the remainder when 155 is divided by 59.
37
Calculate the remainder when 933 is divided by 24.
21
What is the remainder when 124 is divided by 8?
4
Calculate the remainder when 78 is divided by 68.
10
Calculate the remainder when 1552 is divided by 97.
0
What is the remainder when 4 is divided by 1?
0
What is the remainder when 1410 is divided by 18?
6
Calculate the remainder when 101 is divided by 47.
7
What is the remainder when 183 is divided by 28?
15
What is the remainder when 950 is divided by 191?
186
Calculate the remainder when 2375 is divided by 8.
7
What is the remainder when 931 is divided by 305?
16
What is the remainder when 45823 is divided by 22?
19
Calculate the remainder when 211 is divided by 54.
49
What is the remainder when 69 is divided by 27?
15
Calculate the remainder when 118 is divided by 8.
6
Calculate the remainder when 226 is divided by 35.
16
Calculate the remainder when 188 is divided by 38.
36
Calculate the remainder when 1356 is divided by 170.
166
Calculate the remainder when 520 is divided by 74.
2
What is the remainder when 3323 is divided by 195?
8
Calculate the remainder when 162 is divided by 86.
76
What is the remainder when 429 is divided by 12?
9
Calculate the remainder when 5769 is divided by 29.
27
Calculate the remainder when 253 is divided by 26.
19
What is the remainder when 83 is divided by 5?
3
What is the remainder when 13767 is divided by 6?
3
What is the remainder when 179 is divided by 56?
11
What is the remainder when 267 is divided by 66?
3
What is the remainder when 36356 is divided by 202?
198
Calculate the remainder when 507 is divided by 56.
3
Calculate the remainder when 382 is divided by 35.
32
What is the remainder when 2382 is divided by 45?
42
What is the remainder when 94 is divided by 90?
4
What is the remainder when 332 is divided by 12?
8
What is the remainder when 937 is divided by 192?
169
What is the remainder when 10 is divided by 9?
1
What is the remainder when 1152 is divided by 229?
7
What is the remainder when 457 is divided by 4?
1
Calculate the remainder when 10 is divided by 8.
2
Calculate the remainder when 441 is divided by 114.
99
What is the remainder when 556 is divided by 70?
66
Calculate the remainder when 22 is divided by 5.
2
What is the remainder when 1567 is divided by 98?
97
Calculate the remainder when 49 is divided by 27.
22
What is the remainder when 368 is divided by 10?
8
What is the remainder when 81 is divided by 12?
9
Calculate the remainder when 714 is divided by 90.
84
Calculate the remainder when 432 is divided by 69.
18
What is the remainder when 83 is divided by 7?
6
Calculate the remainder when 535 is divided by 153.
76
Calculate the remainder when 585 is divided by 84.
81
What is the remainder when 194 is divided by 91?
12
Calculate the remainder when 75 is divided by 8.
3
What is the remainder when 745 is divided by 68?
65
What is the remainder when 467 is divided by 118?
113
Calculate the remainder when 644 is divided by 65.
59
What is the remainder when 650 is divided by 215?
5
What is the remainder when 2682 is divided by 309?
210
What is the remainder when 151 is divided by 24?
7
Calculate the remainder when 4619 is divided by 201.
197
Calculate the remainder when 1384 is divided by 68.
24
Calculate the remainder when 12310 is divided by 4102.
4
What is the remainder when 2664 is divided by 527?
29
What is the remainder when 268 is divided by 8?
4
What is the remainder when 13 is divided by 9?
4
What is the remainder when 968 is divided by 304?
56
What is the remainder when 7239 is divided by 46?
17
What is the remainder when 7591 is divided by 13?
12
Calculate the remainder when 633 is divided by 81.
66
Calculate the remainder when 441 is d